{"id":1772,"date":"2015-05-14T04:45:26","date_gmt":"2015-05-14T04:45:26","guid":{"rendered":"http:\/\/192.168.1.249\/css\/wordpress\/transport\/dev\/transport\/?page_id=1772"},"modified":"2015-09-20T10:53:54","modified_gmt":"2015-09-20T10:53:54","slug":"guardamuebles","status":"publish","type":"page","link":"https:\/\/mudanzasgarraf.com\/vilanova-i-la-geltru\/guardamuebles\/","title":{"rendered":"Guardamuebles"},"content":{"rendered":"<div class=\"vc_row wpb_row vc_custom_1434440482052\"><div class=\"wpb_column vc_column_container col-sm-6\"><div class=\"wpb_wrapper\"><div class=\"vc_row wpb_row vc_inner vc_custom_1431846489317\"><div class=\"wpb_column vc_column_container col-sm-12\"><div class=\"wpb_wrapper\">\n\t<div class=\"wpb_single_image wpb_content_element img-full vc_align_left\">\n\t\t<div class=\"wpb_wrapper\">\n\t\t\t\n\t\t\t<a href=\"https:\/\/mudanzasgarraf.com\/vilanova-i-la-geltru\/wp-content\/uploads\/2015\/07\/Guardamuebles.png\" target=\"_self\"><div class=\"vc_single_image-wrapper vc_box_rounded  vc_box_border_grey\"><img width=\"652\" height=\"326\" src=\"https:\/\/mudanzasgarraf.com\/vilanova-i-la-geltru\/wp-content\/uploads\/2015\/07\/Guardamuebles.png\" class=\"vc_single_image-img attachment-large\" alt=\"\" loading=\"lazy\" srcset=\"https:\/\/mudanzasgarraf.com\/vilanova-i-la-geltru\/wp-content\/uploads\/2015\/07\/Guardamuebles.png 652w, https:\/\/mudanzasgarraf.com\/vilanova-i-la-geltru\/wp-content\/uploads\/2015\/07\/Guardamuebles-300x150.png 300w\" sizes=\"(max-width: 652px) 100vw, 652px\" \/><\/div><\/a>\n\t\t<\/div> \n\t<\/div> <\/div><\/div><\/div><div class=\"vc_row wpb_row vc_inner\"><div class=\"wpb_column vc_column_container col-sm-6 vc_custom_1432015503285\"><div class=\"wpb_wrapper\">\n\t<div class=\"wpb_single_image wpb_content_element img-full vc_align_left\">\n\t\t<div class=\"wpb_wrapper\">\n\t\t\t\n\t\t\t<a href=\"https:\/\/mudanzasgarraf.com\/vilanova-i-la-geltru\/wp-content\/uploads\/2015\/07\/Alquiler-de-contenedores.png\" target=\"_self\"><div class=\"vc_single_image-wrapper vc_box_rounded  vc_box_border_grey\"><img width=\"652\" height=\"326\" src=\"https:\/\/mudanzasgarraf.com\/vilanova-i-la-geltru\/wp-content\/uploads\/2015\/07\/Alquiler-de-contenedores.png\" class=\"vc_single_image-img attachment-full\" alt=\"\" loading=\"lazy\" srcset=\"https:\/\/mudanzasgarraf.com\/vilanova-i-la-geltru\/wp-content\/uploads\/2015\/07\/Alquiler-de-contenedores.png 652w, https:\/\/mudanzasgarraf.com\/vilanova-i-la-geltru\/wp-content\/uploads\/2015\/07\/Alquiler-de-contenedores-300x150.png 300w\" sizes=\"(max-width: 652px) 100vw, 652px\" \/><\/div><\/a>\n\t\t<\/div> \n\t<\/div> <\/div><\/div><div class=\"wpb_column vc_column_container col-sm-6 vc_custom_1432015513996\"><div class=\"wpb_wrapper\">\n\t<div class=\"wpb_single_image wpb_content_element img-full vc_align_left\">\n\t\t<div class=\"wpb_wrapper\">\n\t\t\t\n\t\t\t<a href=\"https:\/\/mudanzasgarraf.com\/vilanova-i-la-geltru\/wp-content\/uploads\/2015\/05\/contenedor-abierto.png\" target=\"_self\"><div class=\"vc_single_image-wrapper vc_box_rounded  vc_box_border_grey\"><img width=\"274\" height=\"274\" src=\"https:\/\/mudanzasgarraf.com\/vilanova-i-la-geltru\/wp-content\/uploads\/2015\/05\/contenedor-abierto.png\" class=\"vc_single_image-img attachment-full\" alt=\"\" loading=\"lazy\" srcset=\"https:\/\/mudanzasgarraf.com\/vilanova-i-la-geltru\/wp-content\/uploads\/2015\/05\/contenedor-abierto.png 274w, https:\/\/mudanzasgarraf.com\/vilanova-i-la-geltru\/wp-content\/uploads\/2015\/05\/contenedor-abierto-150x150.png 150w, https:\/\/mudanzasgarraf.com\/vilanova-i-la-geltru\/wp-content\/uploads\/2015\/05\/contenedor-abierto-180x180.png 180w\" sizes=\"(max-width: 274px) 100vw, 274px\" \/><\/div><\/a>\n\t\t<\/div> \n\t<\/div> <\/div><\/div><\/div><\/div><\/div><div class=\"wpb_column vc_column_container col-sm-6 vc_custom_1431582780361\"><div class=\"wpb_wrapper\">\n\t<div class=\"wpb_text_column wpb_content_element \">\n\t\t<div class=\"wpb_wrapper\">\n\t\t\t<h2>Guardamuebles y Alquiler de contenedores.<\/h2>\n\n\t\t<\/div> \n\t<\/div> \n\t<div class=\"wpb_text_column wpb_content_element \">\n\t\t<div class=\"wpb_wrapper\">\n\t\t\t<p align=\"justify\">Mudanzas Garraf cuenta con su propio guardamuebles que cumple con todas las medidas para el cuidado absoluto de todos sus muebles y objetos personales y solo le cobraremos los m3 que ud. utilice, teniendo en cuenta que el primer mes de contrato es totalmente gratuito.<\/p>\n\n\t\t<\/div> \n\t<\/div> \n\t<div class=\"wpb_text_column wpb_content_element \">\n\t\t<div class=\"wpb_wrapper\">\n\t\t\t<p>Tambi\u00e9n ofrecemos servicio de <strong><a title=\"Alquiler de Contenedores\" href=\"http:\/\/www.mudanzasgarraf.com\/alquiler-de-contenedores\/\">Alquiler de Contenedores<\/a><\/strong> individuales de bajo coste, cuyo interior esta recubierto de poliuretano para el maximo cuidado de sus muebles y objetos personales. Estos contenedores pueden ser usados por peque\u00f1os industriales, aut\u00f3nomos, como almac\u00e9n y pueden ser transportados al sitio donde sus necesidades lo requieran.<\/p>\n\n\t\t<\/div> \n\t<\/div> <\/div><\/div><\/div><div class=\"vc_row wpb_row\"><div class=\"wpb_column vc_column_container col-sm-4\"><div class=\"wpb_wrapper\">\n        <div class=\"services-wrap \">\n\n            <div class=\"service-block clearfix service-align-left\">\n                \n                    <div class=\"service-icon\">\n                        <i class=\"flaticon-logistics44\"><\/i>\n                    <\/div>\n\n                \n                <div class=\"service-content\">   \n                    <h3><a href=\"https:\/\/mudanzasgarraf.com\/vilanova-i-la-geltru\/service\/mudanzas-internacionales\/\">Mudanzas Internacionales<\/a><\/h3>\n                    <p>\n                        En Mudanzas Garraf , adem\u00e1s de calidad, innovaci\u00f3n y servicio,&hellip;                    <\/p>\n\n                                    <\/div>\n            <\/div>\n        <\/div>\n\n    <\/div><\/div><div class=\"wpb_column vc_column_container col-sm-4\"><div class=\"wpb_wrapper\">\n        <div class=\"services-wrap \">\n\n            <div class=\"service-block clearfix service-align-left\">\n                \n                    <div class=\"service-icon\">\n                        <i class=\"flaticon-logistics27\"><\/i>\n                    <\/div>\n\n                \n                <div class=\"service-content\">   \n                    <h3><a href=\"https:\/\/mudanzasgarraf.com\/vilanova-i-la-geltru\/service\/elevadores\/\">Elevadores<\/a><\/h3>\n                    <p>\n                        Llegamos donde usted necesite. Mediante plataformas elevadoras en Barcelona y&hellip;                    <\/p>\n\n                                    <\/div>\n            <\/div>\n        <\/div>\n\n    <\/div><\/div><div class=\"wpb_column vc_column_container col-sm-4\"><div class=\"wpb_wrapper\">\n        <div class=\"services-wrap \">\n\n            <div class=\"service-block clearfix service-align-left\">\n                \n                    <div class=\"service-icon\">\n                        <i class=\"flaticon-boat28\"><\/i>\n                    <\/div>\n\n                \n                <div class=\"service-content\">   \n                    <h3><a href=\"https:\/\/mudanzasgarraf.com\/vilanova-i-la-geltru\/service\/mudanzas-nacionales-economicas\/\">Mudanzas Nacionales Economicas<\/a><\/h3>\n                    <p>\n                        En Mudanzas Garraf , tenemos como objetivo que su mudanza&hellip;                    <\/p>\n\n                                    <\/div>\n            <\/div>\n        <\/div>\n\n    <\/div><\/div><\/div><div class=\"vc_row wpb_row\"><div class=\"wpb_column vc_column_container col-sm-12\"><div class=\"wpb_wrapper\">\t<div class=\"vc_btn3-container vc_btn3-center\"><a class=\"vc_general vc_btn3 vc_btn3-size-md vc_btn3-shape-rounded vc_btn3-style-modern vc_btn3-color-grey\" href=\"http:\/\/mudanzasgarraf.com\/vilanova-i-la-geltru\/contacto\/\" title=\"\" target=\"_self\">Solicite presupuesto personalizado<\/a><\/div><\/div><\/div><\/div>\n","protected":false},"excerpt":{"rendered":"En Mudanzas Garraf , tenemos como objetivo que su mudanza ","protected":false},"author":1,"featured_media":0,"parent":0,"menu_order":0,"comment_status":"open","ping_status":"closed","template":"page-sidebar-right.php","meta":[],"yoast_head":"<!-- This site is optimized with the Yoast SEO plugin v19.0 - https:\/\/yoast.com\/wordpress\/plugins\/seo\/ -->\n<title>Guardamuebles - Mudanzas Garraf - Vilafranca del penedes - Sante Pered de Ribes<\/title>\n<meta name=\"robots\" content=\"index, follow, max-snippet:-1, max-image-preview:large, max-video-preview:-1\" \/>\n<link rel=\"canonical\" href=\"https:\/\/mudanzasgarraf.com\/vilanova-i-la-geltru\/guardamuebles\/\" \/>\n<meta property=\"og:locale\" content=\"es_ES\" \/>\n<meta property=\"og:type\" content=\"article\" \/>\n<meta property=\"og:title\" content=\"Guardamuebles - Mudanzas Garraf - Vilafranca del penedes - Sante Pered de Ribes\" \/>\n<meta property=\"og:url\" content=\"https:\/\/mudanzasgarraf.com\/vilanova-i-la-geltru\/guardamuebles\/\" \/>\n<meta property=\"og:site_name\" content=\"Mudanzas Garraf - Vilafranca del penedes - Sante Pered de Ribes\" \/>\n<meta property=\"article:modified_time\" content=\"2015-09-20T10:53:54+00:00\" \/>\n<meta property=\"og:image\" content=\"https:\/\/mudanzasgarraf.com\/vilanova-i-la-geltru\/wp-content\/uploads\/2015\/07\/Guardamuebles.png\" \/>\n<meta name=\"twitter:card\" content=\"summary\" \/>\n<meta name=\"twitter:label1\" content=\"Tiempo de lectura\" \/>\n\t<meta name=\"twitter:data1\" content=\"2 minutos\" \/>\n<script type=\"application\/ld+json\" class=\"yoast-schema-graph\">{\"@context\":\"https:\/\/schema.org\",\"@graph\":[{\"@type\":\"WebSite\",\"@id\":\"https:\/\/mudanzasgarraf.com\/vilanova-i-la-geltru\/#website\",\"url\":\"https:\/\/mudanzasgarraf.com\/vilanova-i-la-geltru\/\",\"name\":\"Mudanzas Garraf - Vilafranca del penedes - Sante Pered de Ribes\",\"description\":\"Otro sitio realizado con WordPress\",\"potentialAction\":[{\"@type\":\"SearchAction\",\"target\":{\"@type\":\"EntryPoint\",\"urlTemplate\":\"https:\/\/mudanzasgarraf.com\/vilanova-i-la-geltru\/?s={search_term_string}\"},\"query-input\":\"required name=search_term_string\"}],\"inLanguage\":\"es\"},{\"@type\":\"WebPage\",\"@id\":\"https:\/\/mudanzasgarraf.com\/vilanova-i-la-geltru\/guardamuebles\/#webpage\",\"url\":\"https:\/\/mudanzasgarraf.com\/vilanova-i-la-geltru\/guardamuebles\/\",\"name\":\"Guardamuebles - Mudanzas Garraf - Vilafranca del penedes - Sante Pered de Ribes\",\"isPartOf\":{\"@id\":\"https:\/\/mudanzasgarraf.com\/vilanova-i-la-geltru\/#website\"},\"datePublished\":\"2015-05-14T04:45:26+00:00\",\"dateModified\":\"2015-09-20T10:53:54+00:00\",\"breadcrumb\":{\"@id\":\"https:\/\/mudanzasgarraf.com\/vilanova-i-la-geltru\/guardamuebles\/#breadcrumb\"},\"inLanguage\":\"es\",\"potentialAction\":[{\"@type\":\"ReadAction\",\"target\":[\"https:\/\/mudanzasgarraf.com\/vilanova-i-la-geltru\/guardamuebles\/\"]}]},{\"@type\":\"BreadcrumbList\",\"@id\":\"https:\/\/mudanzasgarraf.com\/vilanova-i-la-geltru\/guardamuebles\/#breadcrumb\",\"itemListElement\":[{\"@type\":\"ListItem\",\"position\":1,\"name\":\"Portada\",\"item\":\"https:\/\/mudanzasgarraf.com\/vilanova-i-la-geltru\/\"},{\"@type\":\"ListItem\",\"position\":2,\"name\":\"Guardamuebles\"}]}]}<\/script>\n<!-- \/ Yoast SEO plugin. -->","yoast_head_json":{"title":"Guardamuebles - Mudanzas Garraf - Vilafranca del penedes - Sante Pered de Ribes","robots":{"index":"index","follow":"follow","max-snippet":"max-snippet:-1","max-image-preview":"max-image-preview:large","max-video-preview":"max-video-preview:-1"},"canonical":"https:\/\/mudanzasgarraf.com\/vilanova-i-la-geltru\/guardamuebles\/","og_locale":"es_ES","og_type":"article","og_title":"Guardamuebles - Mudanzas Garraf - Vilafranca del penedes - Sante Pered de Ribes","og_url":"https:\/\/mudanzasgarraf.com\/vilanova-i-la-geltru\/guardamuebles\/","og_site_name":"Mudanzas Garraf - Vilafranca del penedes - Sante Pered de Ribes","article_modified_time":"2015-09-20T10:53:54+00:00","og_image":[{"url":"https:\/\/mudanzasgarraf.com\/vilanova-i-la-geltru\/wp-content\/uploads\/2015\/07\/Guardamuebles.png"}],"twitter_card":"summary","twitter_misc":{"Tiempo de lectura":"2 minutos"},"schema":{"@context":"https:\/\/schema.org","@graph":[{"@type":"WebSite","@id":"https:\/\/mudanzasgarraf.com\/vilanova-i-la-geltru\/#website","url":"https:\/\/mudanzasgarraf.com\/vilanova-i-la-geltru\/","name":"Mudanzas Garraf - Vilafranca del penedes - Sante Pered de Ribes","description":"Otro sitio realizado con WordPress","potentialAction":[{"@type":"SearchAction","target":{"@type":"EntryPoint","urlTemplate":"https:\/\/mudanzasgarraf.com\/vilanova-i-la-geltru\/?s={search_term_string}"},"query-input":"required name=search_term_string"}],"inLanguage":"es"},{"@type":"WebPage","@id":"https:\/\/mudanzasgarraf.com\/vilanova-i-la-geltru\/guardamuebles\/#webpage","url":"https:\/\/mudanzasgarraf.com\/vilanova-i-la-geltru\/guardamuebles\/","name":"Guardamuebles - Mudanzas Garraf - Vilafranca del penedes - Sante Pered de Ribes","isPartOf":{"@id":"https:\/\/mudanzasgarraf.com\/vilanova-i-la-geltru\/#website"},"datePublished":"2015-05-14T04:45:26+00:00","dateModified":"2015-09-20T10:53:54+00:00","breadcrumb":{"@id":"https:\/\/mudanzasgarraf.com\/vilanova-i-la-geltru\/guardamuebles\/#breadcrumb"},"inLanguage":"es","potentialAction":[{"@type":"ReadAction","target":["https:\/\/mudanzasgarraf.com\/vilanova-i-la-geltru\/guardamuebles\/"]}]},{"@type":"BreadcrumbList","@id":"https:\/\/mudanzasgarraf.com\/vilanova-i-la-geltru\/guardamuebles\/#breadcrumb","itemListElement":[{"@type":"ListItem","position":1,"name":"Portada","item":"https:\/\/mudanzasgarraf.com\/vilanova-i-la-geltru\/"},{"@type":"ListItem","position":2,"name":"Guardamuebles"}]}]}},"_links":{"self":[{"href":"https:\/\/mudanzasgarraf.com\/vilanova-i-la-geltru\/wp-json\/wp\/v2\/pages\/1772"}],"collection":[{"href":"https:\/\/mudanzasgarraf.com\/vilanova-i-la-geltru\/wp-json\/wp\/v2\/pages"}],"about":[{"href":"https:\/\/mudanzasgarraf.com\/vilanova-i-la-geltru\/wp-json\/wp\/v2\/types\/page"}],"author":[{"embeddable":true,"href":"https:\/\/mudanzasgarraf.com\/vilanova-i-la-geltru\/wp-json\/wp\/v2\/users\/1"}],"replies":[{"embeddable":true,"href":"https:\/\/mudanzasgarraf.com\/vilanova-i-la-geltru\/wp-json\/wp\/v2\/comments?post=1772"}],"version-history":[{"count":8,"href":"https:\/\/mudanzasgarraf.com\/vilanova-i-la-geltru\/wp-json\/wp\/v2\/pages\/1772\/revisions"}],"predecessor-version":[{"id":3198,"href":"https:\/\/mudanzasgarraf.com\/vilanova-i-la-geltru\/wp-json\/wp\/v2\/pages\/1772\/revisions\/3198"}],"wp:attachment":[{"href":"https:\/\/mudanzasgarraf.com\/vilanova-i-la-geltru\/wp-json\/wp\/v2\/media?parent=1772"}],"curies":[{"name":"wp","href":"https:\/\/api.w.org\/{rel}","templated":true}]}}